mmon factor of a and 296?
74
Let g(w) = -w**3 + 6*w**2 + 12*w - 35. Let j be g(7). Suppose -55*s + 53*s + 76 = j. What is the highest common factor of s and 2?
2
Let v(j) = j**2 - 5*j + 13. Let s be v(0). Let d = 906 + -897. What is the highest common divisor of s and d?
1
Let v(j) = -j + 8. Let h be v(6). Suppose 24*g - 4*r - 27 = 19*g, 0 = 3*g + h*r - 3. Suppose -3*w + 8*w = 15. Calculate the highest common divisor of g and w.
3
Let g(x) = 2*x**2 + 88*x + 730. Let l be g(-11). Let f = 15 - -7. Calculate the highest common factor of l and f.
2
Suppose 4*i - 4*q - 8 = 8, 2*q = -4*i + 40. Suppose i*w - 631 = -151. Suppose 4*j - 120 = -0*j. Calculate the highest common divisor of w and j.
30
Let m(z) = -z**2 - 7*z + 26. Let c be m(-13). Let t = 60 + c. Suppose 12*o - t*o = 4. What is the highest common divisor of o and 1?
1
Suppose 2*r - 1800 = -3*r. Suppose 293*v = -66252 + 87348. What is the highest common factor of r and v?
72
Let j(t) = t**3 + 35*t**2 + 239*t - 58. Let m be j(-14). What is the highest common divisor of m and 224?
8
Let g be 75/30*(1508 - (-4 - -2)). What is the greatest common factor of g and 25?
25
Suppose -91*n - 10*n + 47530 = 144*n. What is the greatest common divisor of n and 15035?
97
Suppose 1974*p - 4000 = 1969*p. What is the greatest common factor of p and 25?
25
Suppose -2*q = 4*k + 8, 4*q - 5 + 33 = 4*k. Let y be (-3)/(-18) - (149/q - 2). What is the greatest common factor of y and 2?
1
Let g = 121 - 119. Let m be 165/2*g - 3. What is the highest common divisor of 36 and m?
18
Suppose -25*q + m = -23*q - 846, -5*q = 2*m - 2124. What is the greatest common factor of 371 and q?
53
Suppose -q = -4*q + 60. Let l(a) = 3*a**3 + 48*a**2 + 104*a + 11. Let g be l(-13). Calculate the highest common factor of q and g.
20
Suppose -1867 = -5*p + 328. Suppose 2*c - p = -0*c - 5*a, -5*c = -3*a - 1113. Let d be (-1)/(-3) - (5 + c/(-9)). What is the greatest common factor of 4 and d?
4
Let d(t) = -t**3 + 13*t + 56. Let a be (-1288)/182 + (-4)/(-52). Let x be d(a). Suppose n - 2 - 26 = 0. What is the greatest common divisor of x and n?
28
Suppose -10*v = -5*v - d - 3052, -618 = -v + 4*d. What is the highest common factor of 50 and v?
10
Suppose -12 = 4*o, 4*f + 97*o = 94*o + 171. Suppose n = -n + 240. Calculate the greatest common divisor of f and n.
15
Let b be -3 - -88 - (-4 + (4 - 5)). Let n(x) = x**2 - 6*x + 4. Let w be n(8). Calculate the greatest common divisor of b and w.
10
Suppose -13*u + 10*u - 3 = 0. Let d be 40/5*(u + 6). Let y be 1602/16 - 6*(-5)/(-240). Calculate the highest common divisor of d and y.
20
Suppose -32*g + 75*g = 4515. Calculate the highest common divisor of g and 1435.
35
Suppose 4*j - 20 = -3*t, -8*j + 10 = -6*j - 4*t. Let o be (j/2 + -4)/((-2)/16). Let c be 3069/15 - (-9)/(-15). Calculate the greatest common factor of o and c.
12
Suppose -3*h + 16 = g, 2*g - 3*h = 7*g - 20. Suppose 23 + g = 6*y. Calculate the greatest common divisor of 52 and y.
4
Let i(x) = 3*x + 26. Let y be i(-9). Let m be (-1 - -9) + y/1 + -1. Let s(k) = k**2 - 2*k - 7. Let c be s(m). What is the highest common divisor of c and 85?
17
Suppose 4*b - 11118 = -98*v + 91*v, -3*v - b + 4762 = 0. Calculate the greatest common divisor of v and 671.
61
Let g(p) = 15*p - 61 + 129 - 63. Let q be g(3). What is the greatest common factor of 350 and q?
50
Let c(o) = 20*o + 3. Let i be c(9). Let y = 185 - i. Calculate the greatest common factor of y and 11.
1
Suppose 39*k - 1962 = 17226. Calculate the highest common factor of k and 36.
12
Suppose 3*i + 2*n - 240 = 0, -288 = -3*i - 3*n - 48. Let u = i + -10. What is the greatest common factor of u and 14?
14
Suppose 0 = 3*s, -f + 2*s - 9 = 19. Let r = -11 - f. Let h(b) = 3*b**2 - 9*b - 18. Let u be h(8). What is the highest common factor of u and r?
17
Let i(k) = k**2 - 8*k + 317. Let l be i(-38). Calculate the highest common factor of l and 35.
35
Let t = -9414 - -11416. Calculate the greatest common divisor of t and 77.
77
Let c = 217 + -214. Let k = 119 + -101. What is the highest common factor of c and k?
3
Let s(m) = m**2 - 6*m - 8. Let g be s(7). Let k be (-21 + 16)/(g/(-2)). Let j = k + 40. Calculate the greatest common divisor of 300 and j.
30
Let u be (54/(-81) - 2/6)*-101. Calculate the highest common factor of 909 and u.
101
Let w(u) = 236*u**2 - 40*u - 39. Let g be w(-3). What is the greatest common divisor of g and 10?
5
Suppose -3*v + 57 = m, -4*v + 10*m = 8*m - 86. Suppose 3*u + 476 = v*u. What is the highest common factor of u and 322?
14
Suppose 13 = -2*m + l + 51, 88 = 4*m - 5*l. Suppose 3*o + x - 836 = 0, 20*o + 4*x = m*o + 833. What is the greatest common divisor of 31 and o?
31
Let p(w) = -w**3 + w**2 - 8*w - 3. Let y be p(-5). Let k = 245 - y. What is the highest common divisor of 870 and k?
58
Let m = -83 + 101. Suppose 0 = 2*w + 4*a - 7*a - 60, 0 = -5*w + 5*a + 160. What is the greatest common factor of m and w?
18
Suppose 0*a = -a + 16. Suppose -168 = -253*s + 249*s. Suppose -336 = 35*z - s*z. Calculate the greatest common divisor of a and z.
16
Suppose -10*j = -254 - 226. Let w(r) = -r**2 + 17*r - 5. Let o be w(8). Let g = o + -35. Calculate the greatest common factor of j and g.
16
Let h = 60 - -8. Suppose d = 3*j - h - 26, 0 = -2*j - 3*d + 48. Calculate the highest common factor of 20 and j.
10
Let g(i) be the first derivative of i**4/4 + 4*i**3/3 - i**2/2 + 6*i - 37. Let x be g(-4). What is the highest common factor of 170 and x?
10
Suppose -3*v - k + 36 = 3*k, -2*v + 2*k + 10 = 0. Suppose v*r - 16 = 6*r. Calculate the greatest common factor of r and 1.
1
Let a(x) = 6*x - 2. Let h be (-46*6/24)/(2/(-4)). Suppose 24 = w + h. Let v be a(w). Calculate the highest common factor of 4 and v.
4
Let l = 2164 - 1361. Calculate the greatest common factor of 44 and l.
11
Let q(m) = -2*m + 10. Let d be q(-2). Suppose -2*b = -d*b + 4608. What is the highest common divisor of b and 48?
48
Suppose 2*y - 327 = -3*c, -c - 333 = -2*y - 2. What is the highest common divisor of y and 420?
15
Let d(s) = -s**3 + 44*s**2 - 337*s - 50. Let b be d(28). What is the highest common divisor of 66 and b?
22
Suppose -64 = -a - 60. Let t be 108 + (a + -4)/7. What is the highest common divisor of t and 24?
12
Let q be -1 + -7 - 888/(-12). What is the highest common divisor of 6237 and q?
33
Suppose -119 = -4*z + 5*s - 110, -5 = -2*z + 3*s. What is the greatest common divisor of z and 709?
1
Suppose 240*s + 22*s - 7921 - 11467 = 0. Calculate the highest common factor of 222 and s.
74
Let k(c) = -236*c + 4114. Let p be k(16). Calculate the greatest common factor of p and 260.
26
Suppose -10 = -8*d - 674. Let a = d + 85. Calculate the greatest common divisor of a and 44.
2
Let x be 18 - (2 + -1) - 4. Suppose -x*u - 105 = -16*u - w, -192 = -5*u + 4*w. What is the greatest common factor of u and 9?
9
Let n = -6827 + 6831. What is the highest common divisor of n and 3676?
4
Let u be ((-2)/3)/(136/(-9792)). Let v be (3 + -6)/(6/8). Let i = v - -10. Calculate the highest common factor of i and u.
6
Suppose -6*q + 2*q + 22 = -2*s, 0 = -4*s + 5*q - 41. Let m = 9 - s. Let o = -293 - -455. Calculate the highest common divisor of m and o.
18
Suppose 0 = 3*a - a + 3*r - 27, 0 = a - 4*r + 14. Let t be (-24)/(-18) - 258/(-9). Let d be ((-26)/(-65))/(1/t). What is the greatest common factor of d and a?
6
Let r(w) = -w**2 + 6*w - 5. Let c be r(3). Suppose 6 = -2*t + 3*j, -43 + 12 = -5*t - c*j. Calculate the highest common factor of t and 26.
1
Suppose 0 = -54955*u + 54961*u - 2940. What is the greatest common divisor of u and 80?
10
Let x(d) = 8*d**3 - 208*d**2 + 32*d + 14. Let w be x(26). What is the greatest common factor of 126 and w?
18
Let d be (12/(-2 - 4743/(-2379)))/(201/(-670)). What is the greatest common factor of 416 and d?
104
Suppose 0 = 4*g + 8, l - g = -3*g. Suppose -4 = -l*n, -j - 5*n + 689 = 3*j. Calculate the highest common divisor of j and 19.
19
Let g be 76 + -14 + -3*1. Suppose -n - g = -5*j, 5*n + 55 = -3*j + 8*j. Suppose i - 2 - j = 0. Calculate the greatest common divisor of 14 and i.
14
Let f(q) = 11*q**2 + 9*q - 38. Let d be f(4). Let g = d - 146. Calculate the highest common divisor of 21 and g.
7
Let w(m) = -m**2 - 3*m + 6. Let z be w(-4). Let k(l) = -70*l**z - 8*l + 2 + 74*l**2 + 2.